rue
Is 40 a factor of 77000?
True
Does 268 divide 382387?
False
Does 293 divide 76180?
True
Is 925 a factor of 1253270?
False
Does 12 divide 25187775?
False
Does 153 divide 377554?
False
Is 8 a factor of 196706?
False
Does 11 divide 133529?
True
Is 5 a factor of 181625?
True
Does 48 divide 244320?
True
Does 8 divide 219665?
False
Does 11 divide 101332?
True
Does 707 divide 252399?
True
Is 13347222 a multiple of 161?
True
Does 566 divide 22527?
False
Is 16 a factor of 75875?
False
Is 477531 a multiple of 51?
False
Is 117290 a multiple of 5?
True
Does 197 divide 271017?
False
Does 284 divide 1260960?
True
Is 17 a factor of 699295?
True
Does 104 divide 573144?
True
Is 102 a factor of 174420?
True
Is 19 a factor of 500385?
False
Is 1068930 a multiple of 222?
True
Is 1330 a factor of 14123270?
True
Is 115 a factor of 95604?
False
Does 10 divide 27587?
False
Is 204 a factor of 178555?
False
Is 19 a factor of 5727663?
False
Is 753 a factor of 1326033?
True
Does 9 divide 12051?
True
Is 91 a factor of 1817361?
True
Is 23 a factor of 128938?
True
Is 11 a factor of 993079?
False
Is 16 a factor of 21834?
False
Is 8 a factor of 2782824?
True
Is 1712898 a multiple of 205?
False
Is 74 a factor of 286854?
False
Does 839 divide 1083988?
True
Does 30 divide 114440?
False
Does 678 divide 1660007?
False
Does 115 divide 101085?
True
Is 14 a factor of 114106?
False
Is 448 a factor of 7969920?
True
Does 287 divide 168182?
True
Is 198031 a multiple of 10?
False
Is 1548319 a multiple of 1000?
False
Is 173688 a multiple of 8?
True
Is 10 a factor of 285016?
False
Is 1036080 a multiple of 12?
True
Is 40430 a multiple of 5?
True
Does 21 divide 122755?
False
Does 118 divide 184866?
False
Is 456027 a multiple of 39?
True
Is 6268339 a multiple of 11?
True
Is 14 a factor of 259504?
True
Is 47 a factor of 786143?
False
Is 10 a factor of 977666?
False
Does 9 divide 261939?
False
Does 21 divide 40074?
False
Is 6 a factor of 559251?
False
Is 4993816 a multiple of 44?
False
Is 35 a factor of 10193504?
False
Does 20 divide 33836?
False
Is 8708518 a multiple of 479?
False
Does 10 divide 455168?
False
Is 2156618 a multiple of 46?
True
Is 8206953 a multiple of 419?
True
Does 280 divide 122360?
True
Is 3319494 a multiple of 22?
False
Is 327867 a multiple of 373?
True
Does 7 divide 5071584?
True
Is 134310 a multiple of 555?
True
Is 93024 a multiple of 9?
True
Is 137 a factor of 192896?
True
Is 328 a factor of 401800?
True
Is 133013 a multiple of 17?
False
Is 4350340 a multiple of 144?
False
Is 6 a factor of 341907?
False
Is 3 a factor of 29769?
True
Is 98986 a multiple of 2?
True
Is 11 a factor of 60313?
True
Is 176526 a multiple of 378?
True
Does 84 divide 100128?
True
Is 172 a factor of 997?
False
Is 14458276 a multiple of 63?
False
Is 15 a factor of 35760?
True
Does 38 divide 40483?
False
Does 488 divide 8723488?
True
Is 27 a factor of 1198206?
True
Does 13 divide 942006?
True
Is 808150 a multiple of 35?
True
Is 12 a factor of 233304?
True
Does 142 divide 2967070?
False
Is 266 a factor of 150137?
False
Does 2082 divide 13578804?
True
Does 90 divide 9270?
True
Is 23 a factor of 281451?
True
Is 1132792 a multiple of 87?
False
Does 7 divide 345608?
False
Is 376700 a multiple of 40?
False
Is 5 a factor of 100032?
False
Is 1605341 a multiple of 32?
False
Is 1238300 a multiple of 29?
True
Is 312811 a multiple of 165?
False
Is 325778 a multiple of 63?
False
Is 427965 a multiple of 15?
True
Is 11098934 a multiple of 97?
True
Is 403 a factor of 2107448?
False
Is 6 a factor of 85980?
True
Is 1897930 a multiple of 761?
False
Does 60 divide 375258?
False
Is 48390 a multiple of 13?
False
Is 107 a factor of 2624679?
False
Is 3175603 a multiple of 20?
False
Is 41 a factor of 607737?
False
Is 256824 a multiple of 18?
True
Is 376 a factor of 926088?
True
Is 28616 a multiple of 4?
True
Does 6 divide 88044?
True
Is 8 a factor of 17576?
True
Is 405736 a multiple of 8?
True
Does 29 divide 57593?
False
Is 609684 a multiple of 8?
False
Does 135 divide 67365?
True
Is 35 a factor of 454930?
True
Is 97 a factor of 664384?
False
Is 15118 a multiple of 33?
False
Does 39 divide 177450?
True
Is 444428 even?
True
Does 429 divide 659373?
True
Is 61 a factor of 167061?
False
Does 305 divide 314370?
False
Does 561 divide 6321909?
True
Is 5 a factor of 336164?
False
Does 12 divide 624?
True
Is 25 a factor of 570401?
False
Does 3 divide 94227?
True
Is 15793631 a multiple of 84?
False
Does 123 divide 2366766?
True
Is 2 a factor of 3051?
False
Does 294 divide 22439?
False
Does 293 divide 2758888?
True
Is 1732 a factor of 5147504?
True
Does 32 divide 176544?
True
Is 10645684 a multiple of 14?
True
Does 87 divide 81732?
False
Is 11 a factor of 1025497?
True
Is 153538 a multiple of 9?
False
Does 8 divide 147632?
True
Is 8046865 a multiple of 612?
False
Is 122 a factor of 1489620?
True
Is 1596522 a multiple of 69?
True
Is 296892 a multiple of 27?
True
Is 11 a factor of 209403?
False
Does 6 divide 27134?
False
Does 29 divide 1189203?
True
Does 475 divide 4360025?
True
Is 13041271 a multiple of 79?
False
Is 184888 a multiple of 2?
True
Does 22 divide 655072?
True
Does 13 divide 4323556?
False
Is 96 a factor of 120384?
True
Is 19 a factor of 9771447?
False
Is 925 a factor of 2679725?
True
Is 824293 a multiple of 19?
False
Is 4137010 a multiple of 10?
True
Does 23 divide 32779?
False
Does 29 divide 37091?
True
Is 4032549 a multiple of 167?
True
Does 104 divide 3346533?
False
Does 9 divide 65052?
True
Does 156 divide 768999?
False
Is 397 a factor of 2690866?
True
Is 54996 a multiple of 12?
True
Is 20 a factor of 23904020?
True
Is 29 a factor of 1810559?
False
Is 5 a factor of 62833?
False
Does 56 divide 76272?
True
Is 773240 a multiple of 520?
True
Is 646100 a multiple of 142?
True
Is 8566252 a multiple of 116?
True
Is 147 a factor of 5589087?
True
Is 16 a factor of 139520?
True
Does 359 divide 258121?
True
Does 46 divide 30976?
False
Does 136 divide 1254464?
True
Is 401264 a multiple of 124?
True
Does 19 divide 194923?
False
Is 19 a factor of 147896?
True
Is 520903 a multiple of 121?
False
Does 273 divide 313950?
True
Is 603 a factor of 75922?
False
Is 26 a factor of 74984?
True
Does 11 divide 130281?
False
Does 84 divide 144431?
False
Is 22 a factor of 2662022?
True
Is 7506 a multiple of 27?
True
Is 902 a factor of 720698?
True
Is 634 a factor of 1941308?
True
Is 3057750 a multiple of 50?
True
Is 265708 a multiple of 65?
False
Is 57 a factor of 808438?
False
Is 62 a factor of 45174?
False
Is 10 a factor of 67674?
False
Does 60 divide 1735920?
True
Does 587 divide 255932?
True
Is 41 a factor of 137145?
True
Is 13 a factor of 7787?
True
Is 5 a factor of 88063?
False
Is 131648 a multiple of 64?
True
Is 40836 a multiple of 82?
True
Is 152226 a multiple of 490?
False
Is 55 a factor of 145805?
True
Is 163 a factor of 22027494?
True
Does 100 divide 1696107?
False
Is 55 a factor of 373890?
True
Is 315288 a multiple of 302?
True
Does 26 divide 15353624?
True
Is 393 a factor of 359988?
True
Is 696 a factor of 34087638?
False
Is 12 a factor of 314723?
False
Is 6328 a multiple of 4?
True
Is 63145 a multiple of 31?
False
Is 16 a factor of 3566976?
True
Does 31 divide 64786?
False
Is 98 a factor of 53704?
True
Does 248 divide 93744?
True
Is 1878214 a multiple of 689?
True
Is 29 a factor of 429915?
False
Does 16 divide 1849456?
True
Is 225569 a multiple of 135?
False
Does 18 divide 25042?
False
Is 67 a factor of 2108825?
True
Is 10 a factor of 47356?
False
Is 9 a factor of 2355?
False
Does 441 divide 3043782?
True
Does 21 divide 1790309?
False
Does 215 divide 845595?
True
Is 20 a factor of 134680?
True
Is 15 a factor of 103671?
False
Is 320 a factor of 886177?
False
Is 8 a factor of 95871?
False
Is 9311416 a multiple of 1601?
True
Is 27950 a multiple of 86?
True
Is 89630 a multiple of 131?
False
Is 1404 a multiple of 27?
True
Does 263 divide 7521800?
True
Does 11 divide 8802?
False
Is 195072 a multiple of 13?
False
Does 1387 divide 83220?
True
Does 92 divide 464676?
False
Is 1836984 a multiple of 75?
False
Is 5851353 a multiple of 36?
False
Does 2002 divide 1445444?
True
Is 141372 a multiple of 204?
True
Is 23458 a multiple of 2?
True
Is 711351 a multiple of 14?
False
Does 244 divide 19113?
False
Is 120 a factor of 13658235?
False
Is 80 